{"id":22,"date":"2024-01-08T21:23:00","date_gmt":"2024-01-08T21:23:00","guid":{"rendered":"https:\/\/myeloma.dk\/?page_id=22"},"modified":"2024-02-19T19:56:32","modified_gmt":"2024-02-19T19:56:32","slug":"kliniske-studier","status":"publish","type":"page","link":"https:\/\/myeloma.dk\/index.php\/kliniske-studier\/","title":{"rendered":"Kliniske studier"},"content":{"rendered":"\n<p>Der har i de seneste \u00e5r v\u00e6ret en betydelig udvikling i forst\u00e5elsen af den biologiske baggrund for udviklingen af myelomatose, samtidig med at der er fremkommet nye behandlingsmuligheder. Disse to faktorer har resulteret i \u00f8get klinisk forskning.<\/p>\n\n\n\n<h2 class=\"wp-block-heading\"><strong>Klinisk forskning og DMSG<\/strong><\/h2>\n\n\n\n<p>\u00c9n af de v\u00e6sentligste opgaver for DMSG er at medvirke til gennemf\u00f8relse af kliniske protokoller i Danmark, hvilke ofte vil v\u00e6re en del af et internationalt samarbejde.<\/p>\n\n\n\n<p><\/p>\n","protected":false},"excerpt":{"rendered":"<p>Der har i de seneste \u00e5r v\u00e6ret en betydelig udvikling i forst\u00e5elsen af den biologiske baggrund for udviklingen af myelomatose, samtidig med at der er fremkommet nye behandlingsmuligheder. Disse to [&hellip;]<\/p>\n","protected":false},"author":1,"featured_media":0,"parent":0,"menu_order":0,"comment_status":"closed","ping_status":"closed","template":"","meta":{"_price":"","_stock":"","_tribe_ticket_header":"","_tribe_default_ticket_provider":"","_tribe_ticket_capacity":"0","_ticket_start_date":"","_ticket_end_date":"","_tribe_ticket_show_description":"","_tribe_ticket_show_not_going":false,"_tribe_ticket_use_global_stock":"","_tribe_ticket_global_stock_level":"","_global_stock_mode":"","_global_stock_cap":"","_tribe_rsvp_for_event":"","_tribe_ticket_going_count":"","_tribe_ticket_not_going_count":"","_tribe_tickets_list":"[]","_tribe_ticket_has_attendee_info_fields":false,"_EventAllDay":false,"_EventTimezone":"","_EventStartDate":"","_EventEndDate":"","_EventStartDateUTC":"","_EventEndDateUTC":"","_EventShowMap":false,"_EventShowMapLink":false,"_EventURL":"","_EventCost":"","_EventCostDescription":"","_EventCurrencySymbol":"","_EventCurrencyCode":"","_EventCurrencyPosition":"","_EventDateTimeSeparator":"","_EventTimeRangeSeparator":"","_EventOrganizerID":[],"_EventVenueID":[],"_OrganizerEmail":"","_OrganizerPhone":"","_OrganizerWebsite":"","_VenueAddress":"","_VenueCity":"","_VenueCountry":"","_VenueProvince":"","_VenueState":"","_VenueZip":"","_VenuePhone":"","_VenueURL":"","_VenueStateProvince":"","_VenueLat":"","_VenueLng":"","_VenueShowMap":false,"_VenueShowMapLink":false,"footnotes":"","_tec_slr_enabled":"","_tec_slr_layout":""},"class_list":["post-22","page","type-page","status-publish","hentry"],"ticketed":false,"_links":{"self":[{"href":"https:\/\/myeloma.dk\/index.php\/wp-json\/wp\/v2\/pages\/22","targetHints":{"allow":["GET"]}}],"collection":[{"href":"https:\/\/myeloma.dk\/index.php\/wp-json\/wp\/v2\/pages"}],"about":[{"href":"https:\/\/myeloma.dk\/index.php\/wp-json\/wp\/v2\/types\/page"}],"author":[{"embeddable":true,"href":"https:\/\/myeloma.dk\/index.php\/wp-json\/wp\/v2\/users\/1"}],"replies":[{"embeddable":true,"href":"https:\/\/myeloma.dk\/index.php\/wp-json\/wp\/v2\/comments?post=22"}],"version-history":[{"count":3,"href":"https:\/\/myeloma.dk\/index.php\/wp-json\/wp\/v2\/pages\/22\/revisions"}],"predecessor-version":[{"id":154,"href":"https:\/\/myeloma.dk\/index.php\/wp-json\/wp\/v2\/pages\/22\/revisions\/154"}],"wp:attachment":[{"href":"https:\/\/myeloma.dk\/index.php\/wp-json\/wp\/v2\/media?parent=22"}],"curies":[{"name":"wp","href":"https:\/\/api.w.org\/{rel}","templated":true}]}}